hat is the tens digit of 3494?
9
What is the thousands digit of 7342?
7
What is the hundreds digit of 986?
9
What is the tens digit of 34189?
8
What is the units digit of 1286?
6
What is the hundreds digit of 22528?
5
What is the ten thousands digit of 44368?
4
What is the units digit of 38397?
7
What is the units digit of 2617?
7
What is the ten thousands digit of 117235?
1
What is the tens digit of 831?
3
What is the units digit of 3158?
8
What is the ten thousands digit of 128196?
2
What is the tens digit of 4005?
0
What is the tens digit of 39?
3
What is the units digit of 6641?
1
What is the tens digit of 1123?
2
What is the hundreds digit of 2253?
2
What is the tens digit of 55288?
8
What is the hundreds digit of 20500?
5
What is the units digit of 480?
0
What is the units digit of 171?
1
What is the thousands digit of 4714?
4
What is the hundreds digit of 651?
6
What is the hundreds digit of 594?
5
What is the hundreds digit of 6296?
2
What is the units digit of 1641?
1
What is the thousands digit of 2352?
2
What is the thousands digit of 46374?
6
What is the tens digit of 53150?
5
What is the hundreds digit of 7895?
8
What is the units digit of 28299?
9
What is the hundreds digit of 1411?
4
What is the tens digit of 3724?
2
What is the units digit of 16948?
8
What is the units digit of 177981?
1
What is the hundred thousands digit of 117895?
1
What is the hundreds digit of 128167?
1
What is the units digit of 80?
0
What is the hundred thousands digit of 107467?
1
What is the tens digit of 17697?
9
What is the units digit of 482?
2
What is the thousands digit of 2362?
2
What is the hundreds digit of 4019?
0
What is the hundreds digit of 130?
1
What is the thousands digit of 53503?
3
What is the hundreds digit of 576?
5
What is the tens digit of 6547?
4
What is the hundreds digit of 176?
1
What is the hundreds digit of 48924?
9
What is the tens digit of 2617?
1
What is the tens digit of 1734?
3
What is the tens digit of 1650?
5
What is the tens digit of 47013?
1
What is the hundreds digit of 2085?
0
What is the units digit of 506?
6
What is the thousands digit of 2033?
2
What is the tens digit of 4422?
2
What is the hundreds digit of 345?
3
What is the hundreds digit of 76005?
0
What is the units digit of 2277?
7
What is the ten thousands digit of 27914?
2
What is the hundreds digit of 3745?
7
What is the units digit of 5683?
3
What is the thousands digit of 2476?
2
What is the units digit of 31509?
9
What is the hundreds digit of 200?
2
What is the thousands digit of 44707?
4
What is the hundreds digit of 2790?
7
What is the thousands digit of 104678?
4
What is the tens digit of 306?
0
What is the units digit of 13125?
5
What is the hundreds digit of 10036?
0
What is the tens digit of 12?
1
What is the hundreds digit of 2206?
2
What is the thousands digit of 26818?
6
What is the thousands digit of 9098?
9
What is the thousands digit of 91873?
1
What is the ten thousands digit of 80724?
8
What is the hundreds digit of 38381?
3
What is the hundreds digit of 294?
2
What is the ten thousands digit of 19670?
1
What is the tens digit of 3786?
8
What is the tens digit of 2176?
7
What is the tens digit of 77082?
8
What is the units digit of 293?
3
What is the thousands digit of 33161?
3
What is the hundreds digit of 7719?
7
What is the tens digit of 30816?
1
What is the hundreds digit of 539?
5
What is the thousands digit of 11896?
1
What is the thousands digit of 40526?
0
What is the units digit of 8507?
7
What is the units digit of 1668?
8
What is the hundreds digit of 1743?
7
What is the tens digit of 14928?
2
What is the thousands digit of 13869?
3
What is the tens digit of 2904?
0
What is the units digit of 188?
8
What is the tens digit of 8736?
3
What is the ten thousands digit of 96582?
9
What is the units digit of 7238?
8
What is the thousands digit of 10548?
0
What is the thousands digit of 140578?
0
What is the hundreds digit of 424?
4
What is the tens digit of 667?
6
What is the tens digit of 29390?
9
What is the tens digit of 5037?
3
What is the thousands digit of 4180?
4
What is the units digit of 953?
3
What is the thousands digit of 14893?
4
What is the thousands digit of 3672?
3
What is the thousands digit of 3332?
3
What is the units digit of 1714?
4
What is the tens digit of 6223?
2
What is the tens digit of 373?
7
What is the tens digit of 38?
3
What is the hundreds digit of 684?
6
What is the units digit of 7996?
6
What is the thousands digit of 1400?
1
What is the tens digit of 817?
1
What is the units digit of 3729?
9
What is the thousands digit of 7237?
7
What is the thousands digit of 1705?
1
What is the ten thousands digit of 25795?
2
What is the tens digit of 1257?
5
What is the units digit of 4853?
3
What is the thousands digit of 3228?
3
What is the hundreds digit of 7722?
7
What is the units digit of 22490?
0
What is the units digit of 5600?
0
What is the tens digit of 852?
5
What is the units digit of 4297?
7
What is the hundreds digit of 19548?
5
What is the tens digit of 1795?
9
What is the thousands digit of 16580?
6
What is the tens digit of 1684?
8
What is the tens digit of 69?
6
What is the thousands digit of 116651?
6
What is the units digit of 642?
2
What is the tens digit of 1031?
3
What is the units digit of 801?
1
What is the tens digit of 961?
6
What is the units digit of 7754?
4
What is the thousands digit of 34876?
4
What is the thousands digit of 2497?
2
What is the thousands digit of 54641?
4
What is the thousands digit of 35836?
5
What is the thousands digit of 2131?
2
What is the tens digit of 616?
1
What is the thousands digit of 1670?
1
What is the tens digit of 1472?
7
What is the hundreds digit of 12230?
2
What is the thousands digit of 4097?
4
What is the units digit of 3445?
5
What is the units digit of 41844?
4
What is the tens digit of 109762?
6
What is the tens digit of 3765?
6
What is the ten thousands digit of 11257?
1
What is the ten thousands digit of 13692?
1
What is the units digit of 154526?
6
What is the tens digit of 5716?
1
What is the tens digit of 41436?
3
What is the thousands digit of 28469?
8
What is the thousands digit of 2036?
2
What is the thousands digit of 54127?
4
What is the units digit of 160104?
4
What is the hundreds digit of 15795?
7
What is the units digit of 4632?
2
What is the thousands digit of 53922?
3
What is the hundreds digit of 18985?
9
What is the hundreds digit of 67780?
7
What is the units digit of 30?
0
What is the units digit of 32295?
5
What is the hundreds digit of 3471?
4
What is the units digit of 1481?
1
What is the thousands digit of 8801?
8
What is the hundreds digit of 1759?
7
What is the units digit of 46883?
3
What is the hundreds digit of 726?
7
What is the hundreds digit of 14840?
8
What is the tens digit of 647?
4
What is the hundreds digit of 101?
1
What is the thousands digit of 16332?
6
What is the thousands digit of 11670?
1
What is the units digit of 611?
1
What is the hundreds digit of 12061?
0
What is the ten thousands digit of 19421?
1
What is the hundreds digit of 11753?
7
What is the hundreds digit of 988?
9
What is the tens digit of 15279?
7
What is the thousands digit of 4432?
4
What is the units digit of 3079?
9
What is the ten thousands digit of 22529?
2
What is the tens digit of 6308?
0
What is the tens digit of 5441?
4
What is the hundreds digit of 2962?
9
What is the tens digit of 106?
0
What is the hundreds digit of 51274?
2
What is the units digit of 293?
3
What is the hundreds digit of 86258?
2
What is the tens digit of 351?
5
What is the thousands digit of 30153?
0
What is the thousands digit of 1279?
1
What is the tens digit of 101795?
9
What is the ten thousands digit of 87250?
8
What is the thousands digit of 9293?
9
What is the ten thousands digit of 11812?
1
What is the thousands digit of 4774?
4
What is the hundreds digit of 200?
2
What is the units digit of 2385?
5
What is the units digit of 5630?
0
What is the units digit of 5087?
7
What is the tens digit of 602?
0
What is the thousands digit of 5115?
5
What is the units digit of 35969?
9
What is the hundreds digit of 500?
5
What is the ten thousands digit of 14180?
1
What is the tens digit of 4852?
5
What is the units digit of 22899?
9
What is the unit